{"id":100,"date":"2017-10-20T07:50:22","date_gmt":"2017-10-20T07:50:22","guid":{"rendered":"http:\/\/azbud.eu\/?page_id=100"},"modified":"2017-10-20T08:19:43","modified_gmt":"2017-10-20T08:19:43","slug":"slusarka-p-poz-i-antywlamaniowa","status":"publish","type":"page","link":"http:\/\/azbud.eu\/index.php\/slusarka-p-poz-i-antywlamaniowa\/","title":{"rendered":"\u015alusarka P. PO\u017b. i antyw\u0142amaniowa"},"content":{"rendered":"","protected":false},"excerpt":{"rendered":"","protected":false},"author":1,"featured_media":0,"parent":0,"menu_order":0,"comment_status":"closed","ping_status":"closed","template":"","meta":[],"_links":{"self":[{"href":"http:\/\/azbud.eu\/index.php\/wp-json\/wp\/v2\/pages\/100"}],"collection":[{"href":"http:\/\/azbud.eu\/index.php\/wp-json\/wp\/v2\/pages"}],"about":[{"href":"http:\/\/azbud.eu\/index.php\/wp-json\/wp\/v2\/types\/page"}],"author":[{"embeddable":true,"href":"http:\/\/azbud.eu\/index.php\/wp-json\/wp\/v2\/users\/1"}],"replies":[{"embeddable":true,"href":"http:\/\/azbud.eu\/index.php\/wp-json\/wp\/v2\/comments?post=100"}],"version-history":[{"count":4,"href":"http:\/\/azbud.eu\/index.php\/wp-json\/wp\/v2\/pages\/100\/revisions"}],"predecessor-version":[{"id":111,"href":"http:\/\/azbud.eu\/index.php\/wp-json\/wp\/v2\/pages\/100\/revisions\/111"}],"wp:attachment":[{"href":"http:\/\/azbud.eu\/index.php\/wp-json\/wp\/v2\/media?parent=100"}],"curies":[{"name":"wp","href":"https:\/\/api.w.org\/{rel}","templated":true}]}}